t common divisor of w and 90.
18
Let q = 11 + 0. Suppose s + 3*b = 4 - 13, 3*b + 9 = s. Suppose 5*o - o - 132 = s. Calculate the highest common factor of o and q.
11
Let i = -8 - -26. What is the greatest common factor of 3 and i?
3
Let w = 128 - 106. Calculate the highest common factor of w and 11.
11
Suppose 2*i = 5*i + 12. Let z be ((-6)/i)/(9/60). Suppose 2*h = -3*h + 10. Calculate the greatest common factor of z and h.
2
Let p = -62 - -101. Suppose 0*r + 95 = -3*r + 2*x, 5*x - 5 = 0. Let w = r - -57. What is the greatest common factor of w and p?
13
Let v be (-2)/8 - 147/(-28). What is the highest common factor of 85 and v?
5
Suppose 2*w - 4 + 76 = 0. Let j(f) = f**3 - 6*f**2 + 6*f - 2. Let o be j(4). Let q = o - w. Calculate the greatest common factor of 13 and q.
13
Let b be 2/(-6) + (-16)/(-12). Let c = -3 + b. Let g be 4 + c + -1 - -26. Calculate the highest common factor of 9 and g.
9
Suppose 5*c - 48 = -f, -2*c - 11 = -5*f - 14. Let w(y) = 2*y + y**3 + 7*y**2 + y - 2*y**2 + 3. Let z be w(-2). Calculate the highest common factor of c and z.
9
Suppose 2*i = -3*n + 10, -5*n = -i - 3*n + 5. Suppose -2*v = -2, -3*g - i = g - v. Let a be -52*3/6*g. Calculate the highest common factor of 39 and a.
13
Let q = 277 - 266. Suppose 499 - 4 = 5*y. Calculate the greatest common divisor of y and q.
11
Let y = -17 + 19. What is the greatest common factor of y and 1?
1
Suppose 0 = 3*r + r - 424. Let v be (-1)/2*2 + r. Suppose 0 = -5*p + 170 + v. Calculate the highest common factor of p and 11.
11
Suppose 1 - 6 = -c. Calculate the highest common factor of 25 and c.
5
Suppose 0*s + 5*s = -4*z + 29, -5*s + 26 = z. Let o be (s/(-2) + 0)*-2. What is the highest common factor of 20 and o?
5
Suppose 0 = 6*u - 2*u + 504. Let n be (8/3)/((-3)/u). What is the highest common factor of n and 16?
16
Suppose 2 = n - 26. Calculate the highest common divisor of 196 and n.
28
Let p be (1/(-1))/((-3)/(-21)). Let w = p + 2. Let t = 19 - w. Calculate the highest common factor of t and 16.
8
Let j(d) = d - 7. Let k be j(11). What is the highest common factor of k and 20?
4
Suppose 2*y - 23 - 25 = 0. Calculate the greatest common factor of y and 36.
12
Suppose 4*x = -d + 21, -3*x - 5*d = -2 - 1. Let n = x - -4. What is the highest common factor of n and 2?
2
Let v(a) = a**3 + a**2 - 3*a - 2. Let o be v(-4). Let w = o + 56. Calculate the greatest common divisor of w and 9.
9
Let i = -3 + 4. Let f(n) = n**2 - 5*n + 1. Let v be f(6). What is the highest common factor of i and v?
1
Let k = 24 - -3. Let f be 1/(-2) + k/6. What is the highest common factor of f and 16?
4
Let v = 8 - 1. Suppose 2*s + 0*s - f - 29 = 0, 5*s - 50 = -2*f. Let m be ((-7)/(-2))/(2/s). What is the greatest common factor of v and m?
7
Suppose 24 = 4*r - 4*w, 3*w = -r + 2 - 4. Let x be r + (1 - 5)/2. Suppose x*u - 15 = u. What is the greatest common factor of 165 and u?
15
Let r(m) = -m + 5. Let o be r(-4). Suppose 15 = 4*s - o. Calculate the highest common factor of s and 42.
6
Let s = 1 - 0. Suppose 0 = -v - s, 4*l = -4*v - 3 + 35. Calculate the greatest common divisor of 9 and l.
9
Let t(p) = p**3 + 11*p**2 + 9*p + 9. Let u be t(-6). Suppose -u = -2*h - 3*h. Suppose -19 - h = -2*w. Calculate the greatest common divisor of 92 and w.
23
Let t = -4 - -3. Let f be (t - -2)*(2 - -1). Let q be (-123)/(-6) - 2/(-4). What is the greatest common factor of q and f?
3
Suppose -2*o - 3*o = -4*l + 142, 4*o = -3*l + 91. Let u be (-86)/(-8) - (-5)/20. What is the highest common divisor of u and l?
11
Let r(l) = l**3 + l**2 - 4*l - 5. Let w be r(3). Calculate the greatest common divisor of 19 and w.
19
Let c(n) = -n**3 + 6*n**2 - 4*n + 4. Let b be c(5). Let g = -4 + b. Let k = -84 - -119. Calculate the greatest common factor of g and k.
5
Let i be (2/(-4))/(3/18). Let l = i - -4. Let r be -1 - -1 - (1 + -3). What is the greatest common divisor of l and r?
1
Let i(y) = -8*y + 4 - 2*y - 2*y**2 - y**3 + 5*y. Let o be i(-4). Calculate the highest common divisor of 14 and o.
14
Let r = 46 + -10. Calculate the highest common factor of r and 9.
9
Suppose 5*j - 5*c - 505 = -3*c, 3*j + 2*c = 287. What is the greatest common divisor of 22 and j?
11
Let t be 2/(-4)*(-13 + 1). Let h be (-1)/(1 + 224/(-222)). Suppose -i = -4*l + 150 + h, -3*l = 2*i - 204. Calculate the greatest common divisor of l and t.
6
Suppose -3*d + 80 = 4*n, -5*d + 4 = n - 16. Calculate the greatest common factor of n and 140.
20
Suppose 0 = -3*j + 2*j. Suppose -4*z - 3*b = -j*b - 68, b - 4 = 0. What is the greatest common factor of 42 and z?
14
Let q(x) = 3*x**2 - 2*x - 6. Let s be q(3). Let b = -331 - -496. What is the greatest common divisor of b and s?
15
Suppose 0 = -3*d + 2*d - 216. Let x = d + 590. Calculate the highest common factor of 34 and x.
34
Let n(j) = -2*j - 7. Let q(k) = 3*k + 15. Let h(w) = 7*n(w) + 3*q(w). Let x be h(-5). What is the highest common factor of 14 and x?
7
Let t(a) = a + 2. Let u be t(-2). Suppose -96 = -4*s + 3*f - u*f, s - 9 = -3*f. What is the greatest common factor of s and 189?
21
Let v be -3 - (-1)/((-3)/(-24)). Suppose 2*u = v*d + 133, 0*d = -4*u - 4*d + 252. Calculate the highest common divisor of 16 and u.
16
Suppose -2*d - 1 = 1. Let t(i) = 10*i**2. Let b be t(d). Calculate the greatest common factor of b and 30.
10
Suppose -175 = -2*q - 13. Let o(b) be the second derivative of b**3/6 + 9*b**2/2 + b. Let y be o(0). What is the highest common factor of q and y?
9
Suppose 1 - 16 = -3*m. What is the highest common factor of 2 and m?
1
Suppose 18 = s - 2. Suppose -4*r = -3*u - 924, 0 = -5*u - 0*u + s. Let t = r - 154. What is the highest common divisor of 16 and t?
16
Suppose 276 = 2*a + 2*a. Let x = 20 + -53. Let z = x + a. What is the highest common divisor of z and 24?
12
Let z = -353 + 417. Let j be (-23)/(-3) + 2/6. What is the greatest common divisor of z and j?
8
Let k = -115 - -185. What is the greatest common divisor of 175 and k?
35
Let w(c) = 4*c**3 + 2*c**2 + 2*c + 1. Let a be w(-1). Let j be ((-40)/(-12))/(a/(-54)). Calculate the greatest common divisor of j and 24.
12
Let c = 46 - 34. What is the highest common factor of 12 and c?
12
Suppose 0 = -m - 8. Let g(q) = q**2 + 7*q - 4. Let f be g(m). Let l = 6 + f. Calculate the greatest common divisor of 90 and l.
10
Let v = 43 + -25. Let b = v - 12. What is the highest common divisor of b and 12?
6
Suppose -69 + 21 = -j. Suppose 3*t = -5*l - 0*l + 58, 5*t - 74 = 3*l. Calculate the highest common divisor of t and j.
16
Suppose v + 2*d - 19 = 0, 5*v - 82 - 24 = d. Let g = 8 + -8. Suppose 0 = 4*t - g*z - 3*z - 84, -2*t + 4*z = -42. Calculate the highest common factor of t and v.
21
Let j = 60 - 24. Let l be ((-5)/3)/((-10)/j). Let d = -30 - -60. What is the highest common factor of l and d?
6
Let l(x) = -x**3 + 7*x**2 + 8*x - 4. Let r be l(8). Let q(v) = 4*v**2 - 4. Let a be q(r). Calculate the highest common divisor of 40 and a.
20
Suppose -51 = -2*c + 93. Suppose -4*z + 4*b = -c, 5*b - 60 = -2*z - 3*z. Let u = 18 + z. What is the highest common factor of u and 22?
11
Suppose m - 6*m = -210. What is the greatest common factor of m and 105?
21
Let z be (-2)/6 - (-122)/6. Suppose 2*b = -3*b + z. What is the highest common factor of 36 and b?
4
Let m(y) = y**2. Let u be m(4). Suppose -2*l = 2*x - 3*x + 10, 0 = -4*l - 12. Calculate the greatest common factor of u and x.
4
Let m be 20/(-50) + 43/(-5). Let p = m - -13. Let c be -1 - -2 - -5 - -2. What is the highest common divisor of c and p?
4
Suppose -5*c = -15, 3*u - 5*c - 125 = -u. Suppose -p + 2 + 5 = 0. Calculate the highest common divisor of u and p.
7
Let p(c) = -11 + c**2 - 2*c**2 + 2*c**2 + 2*c + 4*c. Let l be p(-8). What is the greatest common divisor of l and 2?
1
Suppose 0*n - 92 = -4*n. Calculate the greatest common divisor of n and 253.
23
Let v = 192 - 75. What is the highest common factor of 78 and v?
39
Suppose 174 = 5*d - 2*v, 0 = -d + 3*v - 0*v + 27. Let t = d - -36. What is the highest common factor of t and 9?
9
Let l(c) = -2*c - 1. Let a be l(-2). Suppose 22 = 2*v - 2*o, -3*v - a*o - 2 = o. What is the greatest common factor of v and 48?
6
Let q = -736 - -775. Let o = 21 - -5. Calculate the greatest common divisor of q and o.
13
Suppose 0 = -4*i + 2*x + 2*x + 416, 4*x + 515 = 5*i. Calcula